(1/30). Suppose z = h + 12. Let d = 34 + -26. Calculate the highest common factor of h and d.
8
Suppose 12 = c + 2*c. Let d(s) = 2*s**2 - 3*s - 1. Let a be d(7). Let j = a + -44. What is the greatest common factor of j and c?
4
Let p(u) = u**2 - 3*u + 2. Let f be (2 + -1)/(2/6). Let z be p(f). What is the greatest common factor of z and 4?
2
Suppose -12 + 0 = -2*o. Calculate the greatest common factor of o and 48.
6
Let z be (116/6)/(4/6). Let d = -17 + z. Suppose 0 = -4*a + 16, 4*a - 17 - 47 = -2*q. What is the greatest common factor of d and q?
12
Suppose 5*p = -3*z + 39, 4*p + 5 = -3*z + 44. Let h(j) = j - 5. Let n be h(4). Let s be 2 + (2 + n)*24. Calculate the greatest common factor of z and s.
13
Let r = -34 + 58. Let v = 66 + 6. Calculate the highest common factor of v and r.
24
Let c be (-2)/1*((-10)/(-5) + -4). Let h(l) = -2*l**2 + 4*l. Let m be h(4). Let w be 0 + 3/((-6)/m). What is the highest common divisor of c and w?
4
Suppose 8*m = 11 + 13. Suppose 0*p - 27 = -p. What is the highest common factor of p and m?
3
Suppose -1 = 2*c - 9. Let r be (5 - c)/((-2)/(-24)). Calculate the highest common factor of r and 108.
12
Let j(i) = 6*i**2 - i. Let b be j(1). Suppose -b = -l + p + 5, 4*p + 30 = 3*l. Let o = -72 + 102. What is the highest common divisor of o and l?
10
Let i = 35 + -19. Calculate the greatest common factor of 2 and i.
2
Let b(j) = 4*j + 5 + 8*j**2 + 13*j**2 - 22*j**2. Let p be b(3). Calculate the highest common factor of p and 56.
8
Suppose f - 4 = 4. Let g be 196/20 - 2/(-10). Suppose -g*q = -9*q - 8. Calculate the greatest common divisor of q and f.
8
Suppose -5*h + 15 = -10. Suppose 4*c = -4*k + 16, 0*k + 36 = 2*c - h*k. Let v = 0 - -8. What is the greatest common factor of c and v?
8
Let d(r) = r**2 - 10*r - 15. Let i be d(12). Suppose -16 = -2*k + 5*y, -k + i = 4*y - 7*y. What is the greatest common factor of 15 and k?
3
Let o(z) = 2*z**2 - 3*z - 2. Let a(v) = -v**3 - 3*v**2 - 2*v - 3. Let b be a(-2). Let n be o(b). What is the greatest common divisor of 5 and n?
5
Let d(u) = u + 7. Let k be d(-3). Suppose 21 = -a + k*a. Calculate the greatest common factor of 21 and a.
7
Let y = -4 + 5. Let m(w) = 50*w. Let l be m(y). What is the highest common divisor of 10 and l?
10
Let i = 55 - 54. What is the greatest common factor of i and 19?
1
Suppose -5*i + 1035 = v - 857, -3*i - 5*v = -1144. Calculate the greatest common factor of 42 and i.
42
Suppose -2*j - 58 = -2*h + 450, j = -5*h + 1270. Suppose h + 331 = 5*t. Calculate the highest common factor of t and 13.
13
Let p = -15 - -19. Let g(l) = 6*l - 2. Let c be g(p). Calculate the highest common factor of 44 and c.
22
Let u(d) = d**3 + 14*d**2 + 5*d + 17. Let l be u(-13). Suppose m - 5*k - 65 = -4*m, 4*m = -5*k + 34. What is the greatest common factor of l and m?
11
Let s = -90 - -130. Calculate the greatest common divisor of s and 15.
5
Let v = 78 - 17. Calculate the highest common factor of v and 122.
61
Suppose -p - 158 = -4*d, -d - 2*p = -5*p - 34. Calculate the greatest common divisor of d and 5.
5
Let z(m) = 5*m - 62. Let d be z(20). Calculate the highest common factor of d and 95.
19
Suppose -3*x + 3*h + 102 = x, 0 = x - h - 26. Calculate the highest common factor of 36 and x.
12
Suppose u - 4*a = 25, u + 2*a - 20 = -u. Let m(g) = -2*g - 6. Let q be m(-4). Let y be 2 - 32*-2*q. Calculate the greatest common divisor of u and y.
13
Let y be (1 - -2) + (7 - -2). Suppose 5*q = -18 - y. Let c be (2/q)/(2/(-84)). Calculate the greatest common factor of c and 70.
14
Let b(r) be the third derivative of r**4/24 + 2*r**3 - r**2. Let p = -8 + -3. Let j be b(p). Calculate the highest common factor of 2 and j.
1
Let g(w) be the third derivative of w**5/60 + 5*w**4/24 - 11*w**3/6 + 9*w**2. Let v be g(-11). Calculate the greatest common divisor of 5 and v.
5
Let n(f) = -5*f**2 + 3*f + 4. Let c be n(3). Let b = 58 + c. What is the highest common factor of b and 39?
13
Let w(p) = -2*p**2 + 3*p**2 - 30 + 26. Let h be w(-3). Let y be (-4)/16 + 61/4. What is the greatest common factor of h and y?
5
Suppose 5*s = -2*z + 95 + 33, 2*s - 3*z = 55. Suppose 3*d + h - 5*h = s, 2*h + 28 = 3*d. Calculate the greatest common factor of 4 and d.
2
Let h be (1 + -27)/(-3 - (-111)/39). What is the highest common factor of 26 and h?
13
Let c be 2/9 - 532/(-36). Suppose -o = 4*w + c, 5*w + 1 = -o - 17. Let r be w/2*6/(-9). Calculate the highest common factor of 3 and r.
1
Suppose -w + 5 - 3 = 2*r, 0 = -r + w + 1. Suppose 0*i = -2*i + 20. Calculate the greatest common divisor of r and i.
1
Let g = 10 + -7. Suppose -2*m + 5*c - g = 0, 0*c - 3 = m - 3*c. Suppose 4*f + f = 30. Calculate the greatest common divisor of f and m.
6
Suppose j + 3 = b, 10 = 4*j - 2*j + 2*b. Let r(i) = 14*i + 1. Let p be r(j). What is the highest common divisor of 75 and p?
15
Let z be (26/(-3))/((-2)/3). Let o(s) = 0*s**3 + 7*s**2 - 11*s + s**3 + 0*s**2 - 11. Let v be o(-8). What is the greatest common divisor of v and z?
13
Let k(x) = 7*x**2 + x. Let f be k(1). Suppose 0 = -4*u + 3*p + 169, -3*u - 6*p + 126 = -8*p. What is the greatest common divisor of f and u?
8
Let j = 54 - 19. Let o be (12/(-9) + -1)*-3. What is the greatest common factor of j and o?
7
Let z(v) = v**3 - 17*v**2 + 18*v + 1. Let h be z(16). Calculate the greatest common divisor of h and 11.
11
Suppose -k = -3*k + 4. Suppose 0 = 3*i + k*i - 120. What is the greatest common factor of i and 12?
12
Let h(m) = 3 + 3 + 10*m + m**2 + m**2. Let q be h(-8). What is the greatest common divisor of q and 36?
18
Suppose -5*i = -101 - 39. Calculate the highest common factor of i and 84.
28
Suppose 5*f + 837 = 4*t, -t = -f - 159 - 49. Suppose 5*g - 67 = t. What is the greatest common factor of g and 18?
18
Let p(g) = g**2 - g - 2. Let z be p(2). Suppose -5*s + 110 + 10 = z. Calculate the greatest common divisor of s and 12.
12
Suppose o = -x + 8, -2*o - 19 = 2*x - 7*x. Suppose 12 = o*h - 6*h - 3*s, 0 = 4*h + s + 25. Let l = h - -20. Calculate the highest common factor of l and 39.
13
Let l = -2 + 46. Let p(i) = -i**2 - 8*i + 4. Let u be 6/4*126/(-27). Let d be p(u). What is the highest common factor of l and d?
11
Let s = -1 - -5. Let g(j) = j**3 - 13*j**2 + 28*j - 34. Let a be g(11). What is the highest common divisor of s and a?
4
Suppose -f - 4*f = 2*i - 272, -4*i + 166 = 3*f. Calculate the highest common divisor of 81 and f.
27
Let m = 2 + 38. Suppose 42 = 5*x - 2*h, x = 4*x + 2*h - 22. Calculate the greatest common divisor of m and x.
8
Let t be -3*93/(-9) - -1*1. Calculate the highest common factor of t and 16.
16
Suppose 7*r + 32 = 95. Suppose n + n - q - 92 = 0, 5*n = -q + 223. Calculate the greatest common divisor of n and r.
9
Suppose 4*j - 4*d = 32, -12 = -5*j + 4*j - 3*d. Let z be (-2)/4 + 5/(40/76). Calculate the highest common factor of j and z.
9
Let w(c) = -c**2 + 3*c + 3. Let g be w(3). Let p be -5 + 29 - (g + -2). What is the highest common factor of p and 46?
23
Let p be ((-16)/12)/(2/(-9)). Calculate the highest common divisor of 3 and p.
3
Let f(i) = -i**3 + i. Let d be f(1). Let g be 2 + 1 + (d - -17). What is the highest common divisor of 8 and g?
4
Let x(o) = o**3 + 2*o - 2. Suppose 0 = -3*s + 5 + 1. Let c be x(s). Calculate the greatest common factor of 2 and c.
2
Let f(d) = d**2 + d + 144. Let q be f(0). Suppose -6 = 3*s - 0, 88 = 5*h + s. Calculate the greatest common factor of q and h.
18
Let f(j) = 1 + 2*j + 9*j + j + 1. Let r be f(2). Calculate the highest common divisor of 286 and r.
26
Suppose 0 = c - 2 - 11. Suppose 0 = -j + 2*s + 85, 4*s + 33 = j - 46. What is the highest common factor of j and c?
13
Suppose -s = -4 - 47. Suppose 8*r - 34 = 7*r. Calculate the greatest common factor of s and r.
17
Let n be (1 + 2)*1 + -8. Let x(k) = -3*k - 1. Let z be x(n). What is the highest common divisor of 154 and z?
14
Let y(t) = 35*t**2 + 2*t - 1. Let q be y(1). Calculate the greatest common factor of 12 and q.
12
Suppose -36 = -m - 0. What is the highest common divisor of m and 4?
4
Suppose 12*n - 720 = 4*n. What is the highest common factor of 10 and n?
10
Let r = 301 - 205. Suppose 26 = -2*z + r. What is the greatest common factor of z and 7?
7
Let u = 4 + -1. Suppose -2*f = -5*j + 42, u*j + 4*f + 5 - 25 = 0. Calculate the highest common divi